. Let w be l(5). Give s(w).
1
Let g(p) = p - 1. Let m(i) = -11*i + 3. Let f(x) = -4*g(x) - m(x). Determine f(1).
8
Let r(f) = 4*f**2 - 5*f**2 + 609 - 609 - 6*f. Give r(-7).
-7
Let p(n) = n**3 + 4*n**2 - 5*n - 5. Let f be 1 + -2 + 3 + -2. Suppose 2*t - 6*t = f. Suppose t*m = 5*m + 25. Calculate p(m).
-5
Let u be (1 + 1)*(5/(-2) - 1). Let p(b) = -b**3 - 8*b**2 - 6*b. What is p(u)?
-7
Let c(s) = -8*s + 9. Let m(h) = 7*h - 8. Let g(a) = 6*c(a) + 7*m(a). What is g(-4)?
-6
Let g(y) = -4 - 4*y**2 - y**3 + y**2 + 6 + y**2. Let f(p) = p**3 + 3*p**2 - 2. Let d(w) = -3*f(w) - 2*g(w). Determine d(-5).
2
Let w(h) = -4 - 2*h**2 - 13*h + 17*h + h**2 + 6. Let c = -15 + 11. Let r(n) = -n**2 - 4*n + 4. Let v be r(c). Calculate w(v).
2
Let u(w) = -8*w + 16*w - 5*w - 4*w. What is u(0)?
0
Let u(x) = 3*x**2 - 5*x - 7. Let y(l) = -l**2 + l - 1. Suppose 0*p = -3*m - 5*p - 2, 3*p = 6. Let s(j) = m*y(j) - u(j). What is s(0)?
11
Suppose 0 = -3*q - 5*a - 19, 2*q = -0*q + a + 9. Let b(w) = 2*w + w + 3*w - 5*w - q. What is b(3)?
1
Let i = -11 + 11. Let p(u) = -8*u - 2 + 7*u + i. What is p(5)?
-7
Let q = 0 - -2. Let s(r) = 5*r - r**q - 7 + r + 0*r. Determine s(5).
-2
Let o be 6 + -1 - (-30)/(-10). Let b(z) = z**3 + 3 + 0 - 4*z**o + 1. Suppose 6 + 9 = -5*a, 0 = -5*y + a + 18. Give b(y).
-5
Let p(k) = -7*k + 2. Let g be p(-4). Suppose 0 = -r + 6*r - g. Let h(u) = u - 7. Calculate h(r).
-1
Let t(z) be the third derivative of -z**6/120 - z**5/15 + 5*z**4/24 + z**3 + 3*z**2. Let u be 10*1*(-1)/2. Calculate t(u).
6
Let g(c) = c**3 - c - 2. Suppose -4*j + 4 = -0*j. Let o be (-1)/(3/2 - j). Give g(o).
-8
Suppose -4*k - k - 5 = 0. Let v = -1 + k. Let z(f) = 8*f**2 + 2*f - 1. Let c(w) = -7*w**2 - 2*w + 1. Let h(x) = 4*c(x) + 3*z(x). What is h(v)?
-11
Suppose 7*b = 3*b - 20. Let y(d) = -d**2 - 6*d + 2. Give y(b).
7
Let p(l) be the third derivative of -l**5/60 - l**4/8 - l**3/3 - 37*l**2 + 1. Let h(t) = -t**2 + t. Let y be h(2). Give p(y).
0
Let g = 16 + -15. Let x(t) = 2 + 0 - 2 + g + t. Let r(h) = -h**3 + 3*h**2 + 1. Let b be r(3). What is x(b)?
2
Let a(w) be the second derivative of -w**4/12 + 2*w**3/3 + 3*w**2/2 + 2*w. Let u be 2 + 1 + -2 - 3. Calculate a(u).
-9
Let v(o) be the first derivative of -o**5/20 + o**4/2 - 2*o**3/3 - 3*o**2/2 + 3*o - 3. Let n(h) be the first derivative of v(h). Give n(5).
2
Let c be (2 + (-3)/1)*-3. Let x(l) = -l**2 + l + 1. Determine x(c).
-5
Suppose -2*y - 3*y = 5. Let h(j) = -j + 40*j**3 + 3*j - 3*j + 32*j**3 - 64*j**3. Calculate h(y).
-7
Let v(l) = l + 12. Let j be v(-9). Let o(y) = -7 - j - 2*y + 5. Give o(-4).
3
Let h be (-1 - 9)*12/(-30). Let m(s) = s**2 + 2*s + 5. Calculate m(h).
29
Let n(w) = 4*w - 1. Let q = 6 + -4. Suppose -5*d + 52 = -q*t, 2*d + 4*t - t = 36. Suppose 4*z = d, -4*o - 4*z + 3 + 1 = 0. Give n(o).
-9
Suppose -17 - 1 = -3*i. Let b(c) = -c**3 + 6*c**2 - c + 4. Give b(i).
-2
Let x(k) = k**3 + 4*k**2 - 4*k - 5. Let g be x(-5). Let t be (-7 - g)/((-1)/(-1)). Let p(w) = -w**3 + 2*w**2 + 5*w - 2. What is p(t)?
4
Let r be 12/15*10*1. Suppose 2*f = 4*f + r. Let k(b) = 3 - b + b**2 - 3*b - b**2 - b**2. Calculate k(f).
3
Let n(s) = 5*s**3 + 9*s**2 + 4*s - 3. Let p(v) = 11*v**3 + 18*v**2 + 9*v - 6. Let b(a) = -9*n(a) + 4*p(a). Calculate b(-9).
3
Suppose 53 = -4*q - 47. Let u be (-2)/10 + (-155)/q. Let l(p) = -p**3 - 2 - p - 1 + 0 + 4*p**2 + u*p. What is l(5)?
-3
Let k(x) = -1 + 2 + 0*x**2 + x**2. Let j be k(-2). Suppose -p = -j*v + 5, -4*p + 3*v - 20 = 2*v. Let c(y) = -y - 2. Calculate c(p).
3
Suppose -5*l + l + 12 = 0. Let k(j) = 3*j**2 - 59*j**l + 60*j**3 + 0*j - 7*j**2 + 2*j + 2. Calculate k(2).
-2
Let y = 45 - 35. Let i(j) = j - 17. Calculate i(y).
-7
Let n be 2 - (-1 - -1 - -1). Let d = n + 1. Let t(u) = -u - u**2 - 6*u - 1 + 10*u. What is t(d)?
1
Let w(m) be the second derivative of -m**7/280 - m**6/360 + m**5/120 + m**4/24 - m**3/6 + 3*m. Let k(z) be the second derivative of w(z). Determine k(-1).
2
Suppose -3*i = -1 - 35. Suppose -4*k + i = -0*k. Let v(y) = -4 + k*y + y**2 + 5 + 2. Determine v(-4).
7
Let i(f) = -f + 3. Let u(k) = -k + 11. Let x be u(8). What is i(x)?
0
Let f(d) = -1 + d**2 + 2 + 4 + d. Let l = 2 + 1. Let n = 3 - l. What is f(n)?
5
Let f(o) = 2 - 3 + 6*o + 0*o. Suppose 14 = 18*b - 4. What is f(b)?
5
Let u(g) be the second derivative of -g**3/2 + g**2/2 + 15*g. What is u(-3)?
10
Suppose -a - 1 = d + 4, 3*d - 2*a = 10. Let u(k) = k**3 - 5*k**2 + 5*k - 9. Let b(v) = -v**2 + v - 1. Let h(g) = -6*b(g) + u(g). Give h(d).
-3
Let i = 9 + -7. Let n(u) = 0 - i*u + 1 + 0*u - 2. Give n(-2).
3
Let n(o) = 5*o**2 - o. Let m(t) = -t**3 + 9*t**2 + 11*t - 9. Let p be m(10). What is n(p)?
4
Let t(g) = -g**2 + g + 1. Let r(b) = 2*b**2 + 6*b + 5. Let q(x) = r(x) - 4*t(x). What is q(-1)?
5
Let k(a) = 7*a**3 + 3*a**2 - a + 6. Let w(f) = 10*f**3 + 4*f**2 - 2*f + 9. Let l(n) = 7*k(n) - 5*w(n). Let q = 3 - 1. What is l(q)?
-1
Let f(b) = -5*b**3 + 3*b**2 + 9*b - 7. Let n(k) = -k**3 + k - 1. Let a(t) = -f(t) + 4*n(t). Suppose 5*g = 4 + 16. Give a(g).
-1
Let c(l) = 4*l**3 + 10*l**2 + 10*l + 2. Let f(q) = -q**3 - q**2 - q + 1. Let o(a) = c(a) + 3*f(a). Calculate o(-6).
-1
Let f(z) be the third derivative of -5/6*z**3 + 7/24*z**4 + 0*z + 0 - 1/60*z**5 + 8*z**2. Let b = -7 - -12. Give f(b).
5
Suppose 2*m = 11 + 25. Suppose 2*d + 3*t + 0 = 2, -m = -3*d + 3*t. Suppose 1 - d = -y. Let h(l) = -l**3 + 3*l**2 - 2*l + 2. Determine h(y).
-4
Let n(j) be the second derivative of -j**5/20 - j**4/2 + j**2/2 + j. Let c(q) = q**2 - 7*q - 6. Let h be c(7). Calculate n(h).
1
Let f(l) be the first derivative of -l**3/3 - 2*l**2 - 6*l - 5. What is f(-4)?
-6
Let o(f) = -20*f**3 + 2*f**2 - 1. Let n be o(-1). Let j be 98/n + (-4)/6. Let i(l) = l - 4. Calculate i(j).
0
Let b(r) = r**3 + 5*r**2 + 7*r + 8. Let q be b(-4). Let o(j) = j + 2. Give o(q).
-2
Let u(y) = -6*y - 2. Let x(f) = -f - 17. Let z(p) = p + 8. Let c(n) = -6*x(n) - 13*z(n). Let a(g) = -3*c(g) + 2*u(g). Give a(-2).
-16
Let z = 8 - 2. Let t(w) = 4 + w**3 - 6*w + 4 + 5*w**2 - z. What is t(-6)?
2
Let w(u) = -u**3 - 2*u**2 + 3*u - 2. Let q be 6 - 3/2*-2. Suppose -2*m - 3*v - 16 = -1, -2*m - v = q. Let h be m/(3/1) - 2. What is w(h)?
-2
Let u be 42/(-4)*(-12)/9. Suppose 5*g - 4*k = -0*k - 2, -u = -g - 4*k. Let r(d) = -d**g + 6 - 3*d - d + 2*d + d. Calculate r(0).
6
Let i(h) = 5*h**2 - 4*h + 3. Let c(t) = -11*t**2 + 8*t - 6. Let a(y) = -4*c(y) - 9*i(y). Let s(m) = -m + 2. Let d be s(-2). Calculate a(d).
-3
Let i(z) = -z**3 + 6*z**2 - 5. Let w be (3 + -1)*(-6)/(-3). Suppose -12 - 12 = -w*u. Determine i(u).
-5
Suppose -3*l + 10 = 2*l. Let a be (-5)/(-7) + l/7. Let n(g) = -9*g**2 - 4*g + 4. Let p(r) = 63*r**2 + 27*r - 27. Let s(b) = -27*n(b) - 4*p(b). Give s(a).
-9
Let y(n) = n**3 + 6*n**2 + 6. Let l be y(-6). Let k = l + 0. Let v(f) = -f**2 + 4*f + 6. Calculate v(k).
-6
Let c(x) = -4*x - 2. Let d(j) = j + 2. Let s(f) = -c(f) - 3*d(f). Suppose -4*p + 12 = -0. Determine s(p).
-1
Let v(x) be the third derivative of x**6/120 + x**5/20 - x**4/8 + x**3/6 - 5*x**2. Give v(-3).
10
Let h(f) = -5*f**3 - 12*f**2 - 21*f - 3. Let z(w) = w**3 + 3*w**2 + 5*w + 1. Let r(m) = -2*h(m) - 9*z(m). Give r(4).
1
Let c(o) = o**3 + 2*o**2 + 5*o - 7. Let m(f) = f**3 - f**2 - 1. Suppose 0 = -2*b - d, -4*b - 3*d = -7*b - 9. Let l(u) = b*c(u) + 2*m(u). What is l(5)?
5
Let z(m) be the third derivative of m**4/12 - m**3/6 + 2*m**2. Let i be 8 - 12/(0 + 4). Suppose 4 - 9 = -i*b. Determine z(b).
1
Let d(y) = -y + 0*y + 0*y + 5. Calculate d(6).
-1
Let w(a) = 3*a**2 + 4*a + 2. Suppose 0 = -2*h - 0*h. Suppose -1 + 3 = 2*m + 2*t, -3*m + 4*t - 18 = h. Give w(m).
6
Let m(c) be the third derivative of -c**4/24 + c**3/6 - 47*c**2. Determine m(-4).
5
Let v(k) = 0 - k**3 + 2*k**2 - 2*k**3 - 4 + 5. Calculate v(2).
-15
Let r be (-5)/((0 - -4) + -3). Let s(a) = -7*a**2 - 14*a - 10. Let b(p) = 11*p**2 + 21*p + 15. Let x(n) = 5*b(n) + 8*s(n). Determine x(r).
5
Suppose -3*r + 0*r = -6. Let z(j) = j**3 - j - 1. Let f(q) = -5*q**3 + 4*q + 6. Let d(c) = 7*c - 3. Let w be d(2). Let p(o) = w*z(o) + 2*f(o). What is p(r)?
3
Let x(g) = g**3 - 3*g**2 - 3*g + 1. Suppose c = 2 + 1. Suppose 2*q = c*q - 4. Give x(q).
5
Let t(s) be the first derivative of 5*s**4/24 + s**3/3 - s**2/2 + 1. Let h(i) be the second derivative of t(i). Suppose -1 = -2*m - 5. What is h(m)?
-8
Le